{"id":298,"date":"2015-12-26T16:13:44","date_gmt":"2015-12-26T15:13:44","guid":{"rendered":"http:\/\/dossenberger.de\/?page_id=298"},"modified":"2025-09-09T09:14:07","modified_gmt":"2025-09-09T07:14:07","slug":"schulpsychologin","status":"publish","type":"page","link":"https:\/\/dossenberger.de\/?page_id=298","title":{"rendered":"Schulpsychologin"},"content":{"rendered":"<h2>Rausch Cornelia<\/h2>\n<table>\n<tbody>\n<tr>\n<td style=\"text-align: left; vertical-align: top;\"><strong>Sprechzeiten:<\/strong><\/td>\n<td style=\"text-align: left; vertical-align: top;\">nach Vereinbarung<\/td>\n<\/tr>\n<tr>\n<td><strong>E-Mail:<\/strong><\/td>\n<td>Schulpsychologin@dossenberger.de<\/td>\n<\/tr>\n<tr>\n<td><strong>Telefon:<\/strong><\/td>\n<td>08221\/93044-38<br \/>\n(falls ich nicht erreichbar bin, nimmt ein Anrufbeantworter Ihre\/deine Nachricht auf)<\/td>\n<\/tr>\n<\/tbody>\n<\/table>\n<p><strong>Was sind die Aufgabenbereiche einer Schulpsychologin?<\/strong><\/p>\n<p>Beratung von einzelnen Sch\u00fclern und Sch\u00fclerinnen und deren Eltern<\/p>\n<ul>\n<li>bei Lern- und Leistungsschwierigkeiten, die beispielsweise das Arbeitsverhalten, die Konzentrationsf\u00e4higkeit oder die Motivation betreffen.<\/li>\n<li>bei besonderen Fragen der Schullaufbahn, wenn begabungsdiagnostische Testverfahren eingesetzt werden sollen.<\/li>\n<li>in Krisensituationen wie z.B. bei Schulangst, Pr\u00fcfungsangst, Sucht, Essst\u00f6rungen.<\/li>\n<li>bei Konflikten (z.B. zwischen den Sch\u00fclern, innerhalb einer Klassen, mit den Eltern, Freunden).<\/li>\n<li>bei Schwierigkeiten in der Pers\u00f6nlichkeitsentwicklung (Selbstbild, Selbstvertrauen).<\/li>\n<\/ul>\n<p style=\"text-align: center;\"><span style=\"color: #339966;\"><strong>Als Schulpsychologin bin ich an die Verschwiegenheitspflicht gebunden \u2013 ich darf also nur mit ausdr\u00fccklichem Einverst\u00e4ndnis der\/des Hilfesuchenden Informationen an Lehrer oder Schulleitung weitergeben.<\/strong><\/span><\/p>\n<p>Schulpsychologische Beratung meint dabei nicht das Anbieten von Patentrezepten und Tipps, sondern das gemeinsame Gespr\u00e4ch, in dem versucht wird, die Problemstellung zu erfassen (eventuell mit diagnostischen Verfahren, wie z.B. Tests bzw. Frageb\u00f6gen), Ursachen zu suchen, andere Sichtweisen zu \u00f6ffnen und mit allen Beteiligten gemeinsam Hilfs- oder L\u00f6sungsm\u00f6glichkeiten zu finden.<\/p>\n<p><a href=\"https:\/\/dossenberger.de\/?download=14917\">\u00dcbersicht \u00fcber innerschulische und au\u00dferschulische Hilfsangebote zu Depressionen\/Angstst\u00f6rungen &#8230;<\/a><\/p>\n<p><strong>Bei folgenden Stellen erhalten Sie Hinweise auf schulische und au\u00dferschulische Hilfsangebote im Rahmen der Gewaltpr\u00e4vention:<\/strong><\/p>\n<ul>\n<li>Bei Erfahrung von h\u00e4uslicher oder sexueller Gewalt k\u00f6nnen sich betroffene Kinder und Jugendliche oder Personen, die auf Gewalt in ihrem Umfeld aufmerksam werden, u. a. bei den nachfolgend genannten Einrichtungen au\u00dferhalb der Schule beraten lassen:<\/li>\n<li>Die Nummer gegen Kummer ist unter Tel. 116 111 montags bis samstags von 14 \u2013 20 Uhr erreichbar.<\/li>\n<li>Bei der bke-Jugendberatung k\u00f6nnen Jugendliche andere junge Menschen als Gespr\u00e4chspartner finden und Kontakt zu erfahrenen Beraterinnen und Beratern aufnehmen.<\/li>\n<li>Das Hilfetelefon ist unter Tel. 0800 22 55 530 bei allen Fragen und f\u00fcr Hilfe bei sexuellem Kindesmissbrauch f\u00fcr Kinder, Jugendliche und Erwachsene zu folgenden Zeiten erreichbar: Montag, Mittwoch und Freitag von 9 \u2013 14 Uhr, Dienstag und Donnerstag von 15 \u2013 17 Uhr.<br \/>\nSave me online hilft, wenn statt einer telefonischen Beratung bei sexuellem Kindesmissbrauch lieber Online-Hilfe per E-Mail gew\u00fcnscht ist.<\/li>\n<li>Auf dem Hilfeportal Sexueller Missbrauch finden Betroffene weitere Informationen und Ansprechpartner.<\/li>\n<\/ul>\n<p><em>Rausch<\/em><\/p>\n","protected":false},"excerpt":{"rendered":"<p>Rausch Cornelia Sprechzeiten: nach Vereinbarung E-Mail: Schulpsychologin@dossenberger.de Telefon: 08221\/93044-38 (falls ich nicht erreichbar bin, nimmt ein Anrufbeantworter Ihre\/deine Nachricht auf)<\/p>\n","protected":false},"author":1,"featured_media":0,"parent":17,"menu_order":0,"comment_status":"closed","ping_status":"closed","template":"","meta":{"colormag_page_container_layout":"default_layout","colormag_page_sidebar_layout":"default_layout","ngg_post_thumbnail":0,"_price":"","_stock":"","_tribe_ticket_header":"","_tribe_default_ticket_provider":"","_tribe_ticket_capacity":"0","_ticket_start_date":"","_ticket_end_date":"","_tribe_ticket_show_description":"","_tribe_ticket_show_not_going":false,"_tribe_ticket_use_global_stock":"","_tribe_ticket_global_stock_level":"","_global_stock_mode":"","_global_stock_cap":"","_tribe_rsvp_for_event":"","_tribe_ticket_going_count":"","_tribe_ticket_not_going_count":"","_tribe_tickets_list":"[]","_tribe_ticket_has_attendee_info_fields":false,"footnotes":"","_tec_slr_enabled":"","_tec_slr_layout":""},"class_list":["post-298","page","type-page","status-publish","hentry"],"ticketed":false,"_links":{"self":[{"href":"https:\/\/dossenberger.de\/index.php?rest_route=\/wp\/v2\/pages\/298","targetHints":{"allow":["GET"]}}],"collection":[{"href":"https:\/\/dossenberger.de\/index.php?rest_route=\/wp\/v2\/pages"}],"about":[{"href":"https:\/\/dossenberger.de\/index.php?rest_route=\/wp\/v2\/types\/page"}],"author":[{"embeddable":true,"href":"https:\/\/dossenberger.de\/index.php?rest_route=\/wp\/v2\/users\/1"}],"replies":[{"embeddable":true,"href":"https:\/\/dossenberger.de\/index.php?rest_route=%2Fwp%2Fv2%2Fcomments&post=298"}],"version-history":[{"count":10,"href":"https:\/\/dossenberger.de\/index.php?rest_route=\/wp\/v2\/pages\/298\/revisions"}],"predecessor-version":[{"id":14919,"href":"https:\/\/dossenberger.de\/index.php?rest_route=\/wp\/v2\/pages\/298\/revisions\/14919"}],"up":[{"embeddable":true,"href":"https:\/\/dossenberger.de\/index.php?rest_route=\/wp\/v2\/pages\/17"}],"wp:attachment":[{"href":"https:\/\/dossenberger.de\/index.php?rest_route=%2Fwp%2Fv2%2Fmedia&parent=298"}],"curies":[{"name":"wp","href":"https:\/\/api.w.org\/{rel}","templated":true}]}}