{"id":415,"date":"2015-12-27T08:02:56","date_gmt":"2015-12-27T07:02:56","guid":{"rendered":"http:\/\/dossenberger.de\/?page_id=415"},"modified":"2015-12-27T08:11:03","modified_gmt":"2015-12-27T07:11:03","slug":"englandaustausch-2012","status":"publish","type":"page","link":"https:\/\/dossenberger.de\/?page_id=415","title":{"rendered":"Englandaustausch 2012"},"content":{"rendered":"<h2>A British-Bavarian experience!<\/h2>\n<p>Seit 2006 besteht zwischen dem Dossenberger Gymnasium und dem Redbourne College in Ampthill, Bedford, ein Sch\u00fcleraustausch. Bewerben k\u00f6nnen sich Sch\u00fclerinnen und Sch\u00fcler der 9. Jahrgangsstufe. Die Bewerber werden von der englischen Seite ausgew\u00e4hlt, wobei darauf geachtet wird, dass Sch\u00fcler mit gleichen oder \u00e4hnlichen Interessen und Hobbies zusammenkommen. Da es auf der englischen Seite gew\u00f6hnlich weniger Bewerber gibt, weil nur ein Bruchteil der Sch\u00fcler deutsch lernt, k\u00f6nnen leider nicht alle Bewerber des Dossenberger Gymnasiums ber\u00fccksichtigt werden.<\/p>\n<p>Der Besuch der Engl\u00e4nder erfolgt normalerweise im Juli, wo sie eine Woche bei uns verbringen und G\u00fcnzburg und die n\u00e4here Umgebung kennenlernen k\u00f6nnen. Nat\u00fcrlich darf auch ein Ausflug nach Neuschwanstein und M\u00fcnchen nicht fehlen. Au\u00dferdem besuchen die englischen Sch\u00fcler\u00a0 auch den Dossi-Unterricht, um das deutsche Schulsystem kennenzulernen, das sich doch erheblich vom englischen unterscheidet.<\/p>\n<p>Im Herbst (Oktober oder November) erfolgt dann der Gegenbesuch in Ampthill, wo nun die deutschen Sch\u00fcler ein interessantes Programm erwartet. Zweimal machen wir einen Ausflug nach London, wo wir sowohl das historische als auch moderne London kennenlernen. Im vergangenen Jahr ging es nach einem Besuch des Towers, wo die beefeaters uns die zum Teil d\u00fcstere Geschichte Englands n\u00e4herbrachten, an der Themse entlang weiter zum London Eye. Hoch \u00fcber der Themse schwebend genossen wir den Blick auf London. Beim zweiten Ausflug lernten wir das historische London bei einer walking tour noch genauer kennen. Abgerundet wurde der Tag in London durch einen Besuch des Musicals Mama Mia.<br \/>\nNeben London geh\u00f6rt auch der Besuch der Universit\u00e4tsstadt Cambridge zum Programm. Dieses Mal durften wir sogar ein ehrw\u00fcrdiges College betreten und einen Blick in dessen Kapelle und Kantine werfen.<\/p>\n<p>Auch die Gasteltern geben sich immer gro\u00dfe M\u00fche, f\u00fcr unsere Sch\u00fcler ein abwechslungsreiches Programm zu bieten. So finden an dem Tag, der der Gastfamilie zur Verf\u00fcgung steht, immer interessante Ausfl\u00fcge statt, wie z.B. ins Indoor-Erlebniszentrum nach Milton Keynes, in den nahegelegenen Safaripark oder sogar ans Meer. Doch neben den Ausfl\u00fcgen ist es f\u00fcr unsere Sch\u00fcler auch eine gro\u00dfe Bereicherung, den Alltag einer englischen Familie kennenzulernen, sich eine Woche lang auf Englisch zu verst\u00e4ndigen und neue Freundschaften zu schlie\u00dfen. Kein Wunder, dass der Abschied am Ende immer recht schwer f\u00e4llt.<\/p>\n<p><img loading=\"lazy\" decoding=\"async\" class=\"aligncenter wp-image-418 \" src=\"https:\/\/dossenberger.de\/wp-content\/uploads\/2015\/12\/englandaustausch1.jpg\" alt=\"\" width=\"301\" height=\"401\" srcset=\"https:\/\/dossenberger.de\/wp-content\/uploads\/2015\/12\/englandaustausch1.jpg 480w, https:\/\/dossenberger.de\/wp-content\/uploads\/2015\/12\/englandaustausch1-225x300.jpg 225w\" sizes=\"auto, (max-width: 301px) 100vw, 301px\" \/><\/p>\n<p><img loading=\"lazy\" decoding=\"async\" class=\"aligncenter wp-image-420\" src=\"https:\/\/dossenberger.de\/wp-content\/uploads\/2015\/12\/englandaustausch2.jpg\" alt=\"\" width=\"302\" height=\"403\" srcset=\"https:\/\/dossenberger.de\/wp-content\/uploads\/2015\/12\/englandaustausch2.jpg 480w, https:\/\/dossenberger.de\/wp-content\/uploads\/2015\/12\/englandaustausch2-225x300.jpg 225w\" sizes=\"auto, (max-width: 302px) 100vw, 302px\" \/><\/p>\n<p><img loading=\"lazy\" decoding=\"async\" class=\"aligncenter wp-image-421\" src=\"https:\/\/dossenberger.de\/wp-content\/uploads\/2015\/12\/englandaustausch3.jpg\" alt=\"\" width=\"443\" height=\"332\" srcset=\"https:\/\/dossenberger.de\/wp-content\/uploads\/2015\/12\/englandaustausch3.jpg 640w, https:\/\/dossenberger.de\/wp-content\/uploads\/2015\/12\/englandaustausch3-300x225.jpg 300w\" sizes=\"auto, (max-width: 443px) 100vw, 443px\" \/><\/p>\n<p><em>Chiwona<\/em><\/p>\n","protected":false},"excerpt":{"rendered":"<p>A British-Bavarian experience! Seit 2006 besteht zwischen dem Dossenberger Gymnasium und dem Redbourne College in Ampthill, Bedford, ein Sch\u00fcleraustausch. Bewerben<\/p>\n","protected":false},"author":1,"featured_media":0,"parent":424,"menu_order":0,"comment_status":"closed","ping_status":"closed","template":"","meta":{"colormag_page_container_layout":"default_layout","colormag_page_sidebar_layout":"default_layout","ngg_post_thumbnail":0,"_price":"","_stock":"","_tribe_ticket_header":"","_tribe_default_ticket_provider":"","_tribe_ticket_capacity":"0","_ticket_start_date":"","_ticket_end_date":"","_tribe_ticket_show_description":"","_tribe_ticket_show_not_going":false,"_tribe_ticket_use_global_stock":"","_tribe_ticket_global_stock_level":"","_global_stock_mode":"","_global_stock_cap":"","_tribe_rsvp_for_event":"","_tribe_ticket_going_count":"","_tribe_ticket_not_going_count":"","_tribe_tickets_list":"[]","_tribe_ticket_has_attendee_info_fields":false,"footnotes":"","_tec_slr_enabled":"","_tec_slr_layout":""},"class_list":["post-415","page","type-page","status-publish","hentry"],"ticketed":false,"_links":{"self":[{"href":"https:\/\/dossenberger.de\/index.php?rest_route=\/wp\/v2\/pages\/415","targetHints":{"allow":["GET"]}}],"collection":[{"href":"https:\/\/dossenberger.de\/index.php?rest_route=\/wp\/v2\/pages"}],"about":[{"href":"https:\/\/dossenberger.de\/index.php?rest_route=\/wp\/v2\/types\/page"}],"author":[{"embeddable":true,"href":"https:\/\/dossenberger.de\/index.php?rest_route=\/wp\/v2\/users\/1"}],"replies":[{"embeddable":true,"href":"https:\/\/dossenberger.de\/index.php?rest_route=%2Fwp%2Fv2%2Fcomments&post=415"}],"version-history":[{"count":4,"href":"https:\/\/dossenberger.de\/index.php?rest_route=\/wp\/v2\/pages\/415\/revisions"}],"predecessor-version":[{"id":422,"href":"https:\/\/dossenberger.de\/index.php?rest_route=\/wp\/v2\/pages\/415\/revisions\/422"}],"up":[{"embeddable":true,"href":"https:\/\/dossenberger.de\/index.php?rest_route=\/wp\/v2\/pages\/424"}],"wp:attachment":[{"href":"https:\/\/dossenberger.de\/index.php?rest_route=%2Fwp%2Fv2%2Fmedia&parent=415"}],"curies":[{"name":"wp","href":"https:\/\/api.w.org\/{rel}","templated":true}]}}