{"id":467,"date":"2015-12-27T08:24:43","date_gmt":"2015-12-27T07:24:43","guid":{"rendered":"http:\/\/dossenberger.de\/?page_id=467"},"modified":"2015-12-27T08:28:57","modified_gmt":"2015-12-27T07:28:57","slug":"schueleraustausch-mit-kladno-tschechien","status":"publish","type":"page","link":"https:\/\/dossenberger.de\/?page_id=467","title":{"rendered":"Sch\u00fcleraustausch mit Kladno (Tschechien)"},"content":{"rendered":"<p>Seit mehr als zwanzig Jahren besteht inzwischen der Sch\u00fcleraustausch mit der mittelb\u00f6hmischen Stadt Kladno, die etwa 25 km nordwestlich der tschechischen Hauptstadt Prag liegt.<\/p>\n<p><img loading=\"lazy\" decoding=\"async\" class=\"aligncenter size-full wp-image-470\" src=\"https:\/\/dossenberger.de\/wp-content\/uploads\/2015\/12\/kladno1.jpg\" alt=\"kladno1\" width=\"640\" height=\"480\" srcset=\"https:\/\/dossenberger.de\/wp-content\/uploads\/2015\/12\/kladno1.jpg 640w, https:\/\/dossenberger.de\/wp-content\/uploads\/2015\/12\/kladno1-300x225.jpg 300w\" sizes=\"auto, (max-width: 640px) 100vw, 640px\" \/><\/p>\n<p style=\"text-align: center;\"><em>Gruppenbild am Marktplatz von Kladno<\/em><\/p>\n<p>Dieser Sch\u00fcleraustausch findet j\u00e4hrlich f\u00fcr die Sch\u00fclerinnen und Sch\u00fcler der 10. Jahrgangsstufe statt.<\/p>\n<p><img loading=\"lazy\" decoding=\"async\" class=\"aligncenter size-full wp-image-471\" src=\"https:\/\/dossenberger.de\/wp-content\/uploads\/2015\/12\/kladno2.jpg\" alt=\"kladno2\" width=\"640\" height=\"480\" srcset=\"https:\/\/dossenberger.de\/wp-content\/uploads\/2015\/12\/kladno2.jpg 640w, https:\/\/dossenberger.de\/wp-content\/uploads\/2015\/12\/kladno2-300x225.jpg 300w\" sizes=\"auto, (max-width: 640px) 100vw, 640px\" \/><\/p>\n<p style=\"text-align: center;\"><em>Schulgeb\u00e4ude des Gymnasiums in Kladno<\/em><\/p>\n<p>Unser Austausch startet zu Beginn des Schuljahres mit dem Besuch der tschechischen G\u00e4ste in Deutschland. Nachdem die tschechischen Partner bei Ihrem Besuch in Deutschland in ihren Gastfamilien die deutsche Kultur kennen lernen d\u00fcrfen, fahren wir anschlie\u00dfend im Fr\u00fchling f\u00fcr eine Woche des darauf folgenden Kalenderjahres selbst nach Tschechien und lernen den Alltag einer tschechischen Familie und die n\u00e4here Umgebung um Kladno und Prag kennen.<\/p>\n<p><img loading=\"lazy\" decoding=\"async\" class=\"aligncenter size-full wp-image-472\" src=\"https:\/\/dossenberger.de\/wp-content\/uploads\/2015\/12\/kladno3.jpg\" alt=\"kladno3\" width=\"640\" height=\"480\" srcset=\"https:\/\/dossenberger.de\/wp-content\/uploads\/2015\/12\/kladno3.jpg 640w, https:\/\/dossenberger.de\/wp-content\/uploads\/2015\/12\/kladno3-300x225.jpg 300w\" sizes=\"auto, (max-width: 640px) 100vw, 640px\" \/><\/p>\n<p style=\"text-align: center;\"><em>Sicht auf die Prager Burg<\/em><\/p>\n<p>Die Verst\u00e4ndigung mit den tschechischen Partnern und Familien findet in deutscher oder englischer Sprache statt, da alle tschechischen Austauschpartner \u00fcblicherweise beide Sprachen lernen.<br \/>\nIn beiden Wochen erwartet die Sch\u00fclerinnen und Sch\u00fcler jeweils einabwechslungsreiches Programm.<\/p>\n<p><img loading=\"lazy\" decoding=\"async\" class=\"aligncenter size-full wp-image-474\" src=\"https:\/\/dossenberger.de\/wp-content\/uploads\/2015\/12\/kladno4.jpg\" alt=\"kladno4\" width=\"640\" height=\"360\" srcset=\"https:\/\/dossenberger.de\/wp-content\/uploads\/2015\/12\/kladno4.jpg 640w, https:\/\/dossenberger.de\/wp-content\/uploads\/2015\/12\/kladno4-300x169.jpg 300w\" sizes=\"auto, (max-width: 640px) 100vw, 640px\" \/><\/p>\n<p style=\"text-align: center;\"><em>Karlsbr\u00fccke<\/em><\/p>\n<p>Bei einem Elternabend haben auch die Eltern jedes Sch\u00fclers die M\u00f6glichkeit die ganze Austausch-Gruppe und die Lehrer kennen zu lernen.<br \/>\nBei Ausfl\u00fcgen z.B. nach Prag (mit Prager Burg und Innenstadt) oder Theresienstadt lernen sich die deutschen und tschechischen Partner nach und nach immer besser kennen und nicht selten entstehen dabei auch l\u00e4ngerfristige Freundschaften.<\/p>\n<p><em>Linder Manuela<\/em><\/p>\n","protected":false},"excerpt":{"rendered":"<p>Seit mehr als zwanzig Jahren besteht inzwischen der Sch\u00fcleraustausch mit der mittelb\u00f6hmischen Stadt Kladno, die etwa 25 km nordwestlich der<\/p>\n","protected":false},"author":1,"featured_media":0,"parent":407,"menu_order":0,"comment_status":"closed","ping_status":"closed","template":"","meta":{"colormag_page_container_layout":"default_layout","colormag_page_sidebar_layout":"default_layout","ngg_post_thumbnail":0,"_price":"","_stock":"","_tribe_ticket_header":"","_tribe_default_ticket_provider":"","_tribe_ticket_capacity":"0","_ticket_start_date":"","_ticket_end_date":"","_tribe_ticket_show_description":"","_tribe_ticket_show_not_going":false,"_tribe_ticket_use_global_stock":"","_tribe_ticket_global_stock_level":"","_global_stock_mode":"","_global_stock_cap":"","_tribe_rsvp_for_event":"","_tribe_ticket_going_count":"","_tribe_ticket_not_going_count":"","_tribe_tickets_list":"[]","_tribe_ticket_has_attendee_info_fields":false,"footnotes":"","_tec_slr_enabled":"","_tec_slr_layout":""},"class_list":["post-467","page","type-page","status-publish","hentry"],"ticketed":false,"_links":{"self":[{"href":"https:\/\/dossenberger.de\/index.php?rest_route=\/wp\/v2\/pages\/467","targetHints":{"allow":["GET"]}}],"collection":[{"href":"https:\/\/dossenberger.de\/index.php?rest_route=\/wp\/v2\/pages"}],"about":[{"href":"https:\/\/dossenberger.de\/index.php?rest_route=\/wp\/v2\/types\/page"}],"author":[{"embeddable":true,"href":"https:\/\/dossenberger.de\/index.php?rest_route=\/wp\/v2\/users\/1"}],"replies":[{"embeddable":true,"href":"https:\/\/dossenberger.de\/index.php?rest_route=%2Fwp%2Fv2%2Fcomments&post=467"}],"version-history":[{"count":5,"href":"https:\/\/dossenberger.de\/index.php?rest_route=\/wp\/v2\/pages\/467\/revisions"}],"predecessor-version":[{"id":477,"href":"https:\/\/dossenberger.de\/index.php?rest_route=\/wp\/v2\/pages\/467\/revisions\/477"}],"up":[{"embeddable":true,"href":"https:\/\/dossenberger.de\/index.php?rest_route=\/wp\/v2\/pages\/407"}],"wp:attachment":[{"href":"https:\/\/dossenberger.de\/index.php?rest_route=%2Fwp%2Fv2%2Fmedia&parent=467"}],"curies":[{"name":"wp","href":"https:\/\/api.w.org\/{rel}","templated":true}]}}