{"id":656,"date":"2015-12-28T13:49:04","date_gmt":"2015-12-28T12:49:04","guid":{"rendered":"http:\/\/dossenberger.de\/?page_id=656"},"modified":"2025-01-30T16:45:00","modified_gmt":"2025-01-30T15:45:00","slug":"autorenlesungen","status":"publish","type":"page","link":"https:\/\/dossenberger.de\/?page_id=656","title":{"rendered":"Autorenlesungen"},"content":{"rendered":"<p>&nbsp;<\/p>\n<p>Begegnungen mit Autoren stellen einen integralen Bestandteil der Lesekultur dar. Im Rahmen der Lesef\u00f6rderung l\u00e4dt die Fachschaft Deutsch daher regelm\u00e4\u00dfig zeitgen\u00f6ssische deutschsprachige Schriftsteller zu einer Lesung an unsere Schule ein. Dadurch erhalten die Sch\u00fcler einen Einblick in Beruf und Arbeit eines Schriftstellers und k\u00f6nnen die Entstehung eines Romans besser nachvollziehen. Im Anschluss an die Lesung erhalten sie dar\u00fcber hinaus die Gelegenheit, eigene Fragen zu stellen, und erfahren auf diese Weise gegebenenfalls auch etwas \u00fcber das gesellschaftliche Selbstverst\u00e4ndnis eines Autors. Ziel ist es dabei, unsere Sch\u00fcler durch die Lesungen und den direkten Kontakt mit dem Autor zur Besch\u00e4ftigung mit Literatur zu motivieren \u2013 nicht nur im Unterricht.<\/p>\n<p><img loading=\"lazy\" decoding=\"async\" class=\"aligncenter size-full wp-image-13749\" src=\"https:\/\/dossenberger.de\/wp-content\/uploads\/2024\/02\/autoren2024-1.jpg\" alt=\"\" width=\"800\" height=\"445\" srcset=\"https:\/\/dossenberger.de\/wp-content\/uploads\/2024\/02\/autoren2024-1.jpg 800w, https:\/\/dossenberger.de\/wp-content\/uploads\/2024\/02\/autoren2024-1-300x167.jpg 300w, https:\/\/dossenberger.de\/wp-content\/uploads\/2024\/02\/autoren2024-1-768x427.jpg 768w\" sizes=\"auto, (max-width: 800px) 100vw, 800px\" \/><\/p>\n<p style=\"text-align: center;\"><em>Charlotte Gneu\u00df vom 19.02.2024<\/em><\/p>\n<p>&nbsp;<\/p>\n<ul>\n<li>20.01.2025: <a href=\"https:\/\/dossenberger.de\/?p=14447\">Tobias Els\u00e4\u00dfer<\/a><\/li>\n<li>28.02.2024: <a href=\"https:\/\/dossenberger.de\/?p=13764\">Michael Kobr<\/a><\/li>\n<li>19.02.2024: <a href=\"https:\/\/dossenberger.de\/?p=13748\">Charlotte Gneu\u00df<\/a><\/li>\n<li>02.12.2022: &nbsp;<a href=\"https:\/\/dossenberger.de\/?p=12552\">Marco Sonnleitner<\/a><\/li>\n<li>22.10.2021: &nbsp;<a href=\"https:\/\/dossenberger.de\/?p=11189\">Christian Tielmann<\/a><\/li>\n<li>07.07.2021: &nbsp;<a href=\"https:\/\/dossenberger.de\/?p=10855\">Dirk Reinhardt<\/a><\/li>\n<li>11.07.2019: &nbsp;<a href=\"https:\/\/dossenberger.de\/?p=7950\">Harald Parigger<\/a><\/li>\n<li>05.12.2017: &nbsp;<a href=\"https:\/\/dossenberger.de\/?p=4478\">Dirk Reinhardt<\/a><\/li>\n<li>06.04.2017:&nbsp; <a href=\"https:\/\/dossenberger.de\/?p=3259\">Susanne Hornfeck<\/a><\/li>\n<li>02.02.2016:&nbsp; <a href=\"https:\/\/dossenberger.de\/?p=1845\">Robert Domes<\/a><\/li>\n<li>26.02.2015:&nbsp; Charlotte Kerner<\/li>\n<li>28.01.2014:&nbsp; Ingo Schulze<\/li>\n<li>11.10.2012:&nbsp; Andreas Schl\u00fcter<\/li>\n<li>09.11.2011:&nbsp; Klaus Kordon<\/li>\n<\/ul>\n<p><em>Frenken<\/em><\/p>\n","protected":false},"excerpt":{"rendered":"<p>&nbsp; Begegnungen mit Autoren stellen einen integralen Bestandteil der Lesekultur dar. Im Rahmen der Lesef\u00f6rderung l\u00e4dt die Fachschaft Deutsch daher<\/p>\n","protected":false},"author":1,"featured_media":0,"parent":626,"menu_order":0,"comment_status":"closed","ping_status":"closed","template":"","meta":{"colormag_page_container_layout":"default_layout","colormag_page_sidebar_layout":"default_layout","ngg_post_thumbnail":0,"_price":"","_stock":"","_tribe_ticket_header":"","_tribe_default_ticket_provider":"","_tribe_ticket_capacity":"0","_ticket_start_date":"","_ticket_end_date":"","_tribe_ticket_show_description":"","_tribe_ticket_show_not_going":false,"_tribe_ticket_use_global_stock":"","_tribe_ticket_global_stock_level":"","_global_stock_mode":"","_global_stock_cap":"","_tribe_rsvp_for_event":"","_tribe_ticket_going_count":"","_tribe_ticket_not_going_count":"","_tribe_tickets_list":"[]","_tribe_ticket_has_attendee_info_fields":false,"footnotes":"","_tec_slr_enabled":"","_tec_slr_layout":""},"class_list":["post-656","page","type-page","status-publish","hentry"],"ticketed":false,"_links":{"self":[{"href":"https:\/\/dossenberger.de\/index.php?rest_route=\/wp\/v2\/pages\/656","targetHints":{"allow":["GET"]}}],"collection":[{"href":"https:\/\/dossenberger.de\/index.php?rest_route=\/wp\/v2\/pages"}],"about":[{"href":"https:\/\/dossenberger.de\/index.php?rest_route=\/wp\/v2\/types\/page"}],"author":[{"embeddable":true,"href":"https:\/\/dossenberger.de\/index.php?rest_route=\/wp\/v2\/users\/1"}],"replies":[{"embeddable":true,"href":"https:\/\/dossenberger.de\/index.php?rest_route=%2Fwp%2Fv2%2Fcomments&post=656"}],"version-history":[{"count":27,"href":"https:\/\/dossenberger.de\/index.php?rest_route=\/wp\/v2\/pages\/656\/revisions"}],"predecessor-version":[{"id":14459,"href":"https:\/\/dossenberger.de\/index.php?rest_route=\/wp\/v2\/pages\/656\/revisions\/14459"}],"up":[{"embeddable":true,"href":"https:\/\/dossenberger.de\/index.php?rest_route=\/wp\/v2\/pages\/626"}],"wp:attachment":[{"href":"https:\/\/dossenberger.de\/index.php?rest_route=%2Fwp%2Fv2%2Fmedia&parent=656"}],"curies":[{"name":"wp","href":"https:\/\/api.w.org\/{rel}","templated":true}]}}