{"id":740,"date":"2015-12-29T08:13:21","date_gmt":"2015-12-29T07:13:21","guid":{"rendered":"http:\/\/dossenberger.de\/?page_id=740"},"modified":"2015-12-29T08:15:06","modified_gmt":"2015-12-29T07:15:06","slug":"business-englisch","status":"publish","type":"page","link":"https:\/\/dossenberger.de\/?page_id=740","title":{"rendered":"Business Englisch"},"content":{"rendered":"<p>In unserem Wahlkurs schnuppern wir in die englischsprachige Gesch\u00e4ftswelt. Wir versuchen zu verstehen, wie es in den Unternehmen zugeht und v.a. welche sprachlichen Mittel wir in den verschiedenen Situationen brauchen. Nat\u00fcrlich \u00fcberlegen wir auch, wie wir uns geschickt verhalten um gesch\u00e4ftlich erfolgreich zu sein.<br \/>\nDazu geh\u00f6ren Themen wie: Was tun wenn ein \u00e4rgerlicher Kunde auftaucht; wie erkl\u00e4rt man, dass der Chef jetzt nicht ans Telefon will; wie kann man vor Gesch\u00e4ftsbesprechungen eine gute Atmosph\u00e4re zu schaffen; usw.<\/p>\n<p>All das wird mit viel Sprechen verbunden, weswegen die Kursteilnehmer intensiv ihre Sprechf\u00e4higkeit \u00fcben. Selbstverst\u00e4ndlich ist der Kurs komplett in English gehalten.<\/p>\n<p style=\"text-align: center;\"><img loading=\"lazy\" decoding=\"async\" class=\"aligncenter size-full wp-image-743\" src=\"https:\/\/dossenberger.de\/wp-content\/uploads\/2015\/12\/BusiE_klein.jpg\" alt=\"BusiE_klein\" width=\"771\" height=\"600\" srcset=\"https:\/\/dossenberger.de\/wp-content\/uploads\/2015\/12\/BusiE_klein.jpg 771w, https:\/\/dossenberger.de\/wp-content\/uploads\/2015\/12\/BusiE_klein-300x233.jpg 300w, https:\/\/dossenberger.de\/wp-content\/uploads\/2015\/12\/BusiE_klein-768x598.jpg 768w\" sizes=\"auto, (max-width: 771px) 100vw, 771px\" \/><em>\u201cBusy ladies during the business training\u201d<\/em><\/p>\n<p>Themenbereiche:<\/p>\n<ul>\n<li>small talk<\/li>\n<li>meeting<\/li>\n<li>telephone training<\/li>\n<li>letter writing<\/li>\n<li>e-mailing<\/li>\n<li>negotiation<\/li>\n<li>intercultural communication<\/li>\n<li>presentation<\/li>\n<li>cv \/ application for a job<\/li>\n<\/ul>\n<p><em>Brosig<\/em><\/p>\n","protected":false},"excerpt":{"rendered":"<p>In unserem Wahlkurs schnuppern wir in die englischsprachige Gesch\u00e4ftswelt. Wir versuchen zu verstehen, wie es in den Unternehmen zugeht und<\/p>\n","protected":false},"author":1,"featured_media":0,"parent":730,"menu_order":0,"comment_status":"closed","ping_status":"closed","template":"","meta":{"colormag_page_container_layout":"default_layout","colormag_page_sidebar_layout":"default_layout","ngg_post_thumbnail":0,"_price":"","_stock":"","_tribe_ticket_header":"","_tribe_default_ticket_provider":"","_tribe_ticket_capacity":"0","_ticket_start_date":"","_ticket_end_date":"","_tribe_ticket_show_description":"","_tribe_ticket_show_not_going":false,"_tribe_ticket_use_global_stock":"","_tribe_ticket_global_stock_level":"","_global_stock_mode":"","_global_stock_cap":"","_tribe_rsvp_for_event":"","_tribe_ticket_going_count":"","_tribe_ticket_not_going_count":"","_tribe_tickets_list":"[]","_tribe_ticket_has_attendee_info_fields":false,"footnotes":"","_tec_slr_enabled":"","_tec_slr_layout":""},"class_list":["post-740","page","type-page","status-publish","hentry"],"ticketed":false,"_links":{"self":[{"href":"https:\/\/dossenberger.de\/index.php?rest_route=\/wp\/v2\/pages\/740","targetHints":{"allow":["GET"]}}],"collection":[{"href":"https:\/\/dossenberger.de\/index.php?rest_route=\/wp\/v2\/pages"}],"about":[{"href":"https:\/\/dossenberger.de\/index.php?rest_route=\/wp\/v2\/types\/page"}],"author":[{"embeddable":true,"href":"https:\/\/dossenberger.de\/index.php?rest_route=\/wp\/v2\/users\/1"}],"replies":[{"embeddable":true,"href":"https:\/\/dossenberger.de\/index.php?rest_route=%2Fwp%2Fv2%2Fcomments&post=740"}],"version-history":[{"count":3,"href":"https:\/\/dossenberger.de\/index.php?rest_route=\/wp\/v2\/pages\/740\/revisions"}],"predecessor-version":[{"id":744,"href":"https:\/\/dossenberger.de\/index.php?rest_route=\/wp\/v2\/pages\/740\/revisions\/744"}],"up":[{"embeddable":true,"href":"https:\/\/dossenberger.de\/index.php?rest_route=\/wp\/v2\/pages\/730"}],"wp:attachment":[{"href":"https:\/\/dossenberger.de\/index.php?rest_route=%2Fwp%2Fv2%2Fmedia&parent=740"}],"curies":[{"name":"wp","href":"https:\/\/api.w.org\/{rel}","templated":true}]}}