{"id":7650,"date":"2019-05-25T16:01:12","date_gmt":"2019-05-25T14:01:12","guid":{"rendered":"https:\/\/dossenberger.de\/?page_id=7650"},"modified":"2025-09-09T09:26:18","modified_gmt":"2025-09-09T07:26:18","slug":"sprachbegleitung-neu-am-dossi","status":"publish","type":"page","link":"https:\/\/dossenberger.de\/?page_id=7650","title":{"rendered":"Sprachbegleitung &#8211; Fachsprache f\u00f6rdern!"},"content":{"rendered":"\n<p><strong>Was versteht man unter \u201eSprachbegleitung\u201c?<\/strong><\/p>\n\n\n\n<p>Seit dem Schuljahr 2018\/19 wird bei uns das Projekt \u201eSprachbegleitung\u201c angeboten und durchgef\u00fchrt, das zus\u00e4tzlichen F\u00f6rderunterricht bietet, und zwar vorrangig f\u00fcr Sch\u00fclerinnen und Sch\u00fcler, die zu Hause mit einer weiteren nicht-deutschen Sprache aufwachsen, aber auch f\u00fcr alle diejenigen, die F\u00f6rderbedarf im Bereich der Fachsprache ben\u00f6tigen.<\/p>\n\n\n\n<p><strong>Welche Gymnasien nehmen daran teil?<\/strong><\/p>\n\n\n\n<p>Mittlerweile sind mehr als 60 staatliche Gymnasien in Bayern, davon rund 20 staatliche Gymnasien allein in Schwaben, an diesem Projekt beteiligt, das im Auftrag des Staatsministeriums f\u00fcr Unterricht und Kultus durchgef\u00fchrt wird.<\/p>\n\n\n\n<p><strong>Wozu dient \u201eSprachbegleitung\u201c?<\/strong><\/p>\n\n\n\n<p>Es handelt sich dabei nicht um klassische Nachhilfe in Deutsch und es geht auch nicht um den Ausbau der deutschen Alltagssprache, sondern um den Erwerb und Aufbau der deutschen Bildungssprache, die die grundlegende Voraussetzung f\u00fcr den schulischen Erfolg am Gymnasium in allen F\u00e4chern ist. Vor allem gilt es, in den Sachf\u00e4chern (z.B. Biologie, Geschichte, Physik, Geografie usw.) die m\u00fcndliche und schriftliche Ausdrucksf\u00e4higkeit zu verbessern, den n\u00f6tigen fachsprachlichen Wortschatz zu vermitteln, das Leseverstehen zu verbessern, kulturelle und interkulturelle Inhalte zu vermitteln, die Mitarbeit und Motivation zu f\u00f6rdern, um damit letztendlich vorhandene Sprachdefizite hinsichtlich der deutschen Bildungssprache zu beseitigen. Die Sprachbegleitung n\u00fctzt den Sch\u00fclerinnen und Sch\u00fclern also nicht nur im Fach Deutsch, sondern unterst\u00fctzt haupts\u00e4chlich den Aufbau der Fachsprache in den Sachf\u00e4chern und Naturwissenschaften.<\/p>\n\n\n\n<p><strong>Wie l\u00e4uft der Unterricht ab?<\/strong><\/p>\n\n\n\n<p>In einer Kleingruppe (max. 15 Sch\u00fcler\/innen) werden in Einzel- oder Doppelstunden, einmal pro Woche, am Nachmittag Themen in Unterrichtssequenzen behandelt, die an ein bestimmtes Leitfach (z.B. NuT, Geschichte, Geografie) gekn\u00fcpft sind. Bei der Themenwahl wird auch auf die individuellen Bed\u00fcrfnisse und Interessen der Gruppe eingegangen. In der 5. Jahrgangsstufe ist das Fach Deutsch \u00fcblicherweise das Leitfach, da sich Defizite und Lernr\u00fcckst\u00e4nde bez\u00fcglich der deutschen Sprache hier am ehesten bemerkbar machen.<\/p>\n\n\n\n<p><strong>Welche Themen werden behandelt?<\/strong><\/p>\n\n\n\n<p>In der 6. Jahrgangsstufe (Leitfach: Natur und Technik) konnten die Sch\u00fcler\/innen mittels der Themenmodule \u201eDer Igel\u201c, \u201eFossilien\u201c, \u201eHefe\u201c, \u201eSport und Ern\u00e4hrung\u201c, \u201eUnsere Verdauung\u201c, ihren Fachwortschatz ausweiten (Vokabelheft) und ihre m\u00fcndliche Ausdrucksf\u00e4higkeit (Kurzvortr\u00e4ge) sowie schriftsprachliche Kompetenz (Ablauf eines Experiments verschriftlichen, Plakate erstellen) verbessern. Interessant und wichtig am Projekt ist, dass auch immer ein praktischer Teil in den Unterricht eingebaut wird. Somit bleibt das Gelernte laut dem Grundsatz \u201eLearning by doing\u201c viel besser im Ged\u00e4chtnis erhalten. Die Sch\u00fcler\/innen durften unter anderem selbst fossile Abdr\u00fccke mittels Gips und Muscheln herstellen, Experimente mit Hefe zum Nachweis von Zucker in Kaugummis durchf\u00fchren und selbst Couscous zubereiten. Das war ein leckeres und gesundes Gericht!<\/p>\n\n\n\n<p><strong>Impressionen von der \u201eArbeit\u201c der Sch\u00fcler\/innen aus der Sprachbegleitung:<\/strong><\/p>\n\n\n\n<figure class=\"wp-block-image\"><img loading=\"lazy\" decoding=\"async\" width=\"640\" height=\"480\" src=\"https:\/\/dossenberger.de\/wp-content\/uploads\/2019\/05\/Taha-Emre.jpg\" alt=\"x\" class=\"wp-image-7651\" title=\" \" srcset=\"https:\/\/dossenberger.de\/wp-content\/uploads\/2019\/05\/Taha-Emre.jpg 640w, https:\/\/dossenberger.de\/wp-content\/uploads\/2019\/05\/Taha-Emre-300x225.jpg 300w\" sizes=\"auto, (max-width: 640px) 100vw, 640px\" \/><\/figure>\n\n\n\n<figure class=\"wp-block-image aligncenter\"><img loading=\"lazy\" decoding=\"async\" width=\"492\" height=\"480\" src=\"https:\/\/dossenberger.de\/wp-content\/uploads\/2019\/05\/Eyl\u00fcl-Selin.jpg\" alt=\"\" class=\"wp-image-7652\" srcset=\"https:\/\/dossenberger.de\/wp-content\/uploads\/2019\/05\/Eyl\u00fcl-Selin.jpg 492w, https:\/\/dossenberger.de\/wp-content\/uploads\/2019\/05\/Eyl\u00fcl-Selin-300x293.jpg 300w\" sizes=\"auto, (max-width: 492px) 100vw, 492px\" \/><\/figure>\n","protected":false},"excerpt":{"rendered":"<p>Was versteht man unter \u201eSprachbegleitung\u201c? Seit dem Schuljahr 2018\/19 wird bei uns das Projekt \u201eSprachbegleitung\u201c angeboten und durchgef\u00fchrt, das zus\u00e4tzlichen<\/p>\n","protected":false},"author":2,"featured_media":0,"parent":0,"menu_order":0,"comment_status":"closed","ping_status":"closed","template":"","meta":{"colormag_page_container_layout":"default_layout","colormag_page_sidebar_layout":"default_layout","ngg_post_thumbnail":0,"_price":"","_stock":"","_tribe_ticket_header":"","_tribe_default_ticket_provider":"","_tribe_ticket_capacity":"0","_ticket_start_date":"","_ticket_end_date":"","_tribe_ticket_show_description":"","_tribe_ticket_show_not_going":false,"_tribe_ticket_use_global_stock":"","_tribe_ticket_global_stock_level":"","_global_stock_mode":"","_global_stock_cap":"","_tribe_rsvp_for_event":"","_tribe_ticket_going_count":"","_tribe_ticket_not_going_count":"","_tribe_tickets_list":"[]","_tribe_ticket_has_attendee_info_fields":false,"footnotes":"","_tec_slr_enabled":"","_tec_slr_layout":""},"class_list":["post-7650","page","type-page","status-publish","hentry"],"ticketed":false,"_links":{"self":[{"href":"https:\/\/dossenberger.de\/index.php?rest_route=\/wp\/v2\/pages\/7650","targetHints":{"allow":["GET"]}}],"collection":[{"href":"https:\/\/dossenberger.de\/index.php?rest_route=\/wp\/v2\/pages"}],"about":[{"href":"https:\/\/dossenberger.de\/index.php?rest_route=\/wp\/v2\/types\/page"}],"author":[{"embeddable":true,"href":"https:\/\/dossenberger.de\/index.php?rest_route=\/wp\/v2\/users\/2"}],"replies":[{"embeddable":true,"href":"https:\/\/dossenberger.de\/index.php?rest_route=%2Fwp%2Fv2%2Fcomments&post=7650"}],"version-history":[{"count":5,"href":"https:\/\/dossenberger.de\/index.php?rest_route=\/wp\/v2\/pages\/7650\/revisions"}],"predecessor-version":[{"id":14929,"href":"https:\/\/dossenberger.de\/index.php?rest_route=\/wp\/v2\/pages\/7650\/revisions\/14929"}],"wp:attachment":[{"href":"https:\/\/dossenberger.de\/index.php?rest_route=%2Fwp%2Fv2%2Fmedia&parent=7650"}],"curies":[{"name":"wp","href":"https:\/\/api.w.org\/{rel}","templated":true}]}}

Sprachbegleitung &#8211; Fachsprache fördern!

<p><strong>Was versteht man unter „Sprachbegleitung“?</strong></p>



<p>Seit dem Schuljahr 2018/19 wird bei uns das Projekt „Sprachbegleitung“ angeboten und durchgeführt, das zusätzlichen Förderunterricht bietet, und zwar vorrangig für Schülerinnen und Schüler, die zu Hause mit einer weiteren nicht-deutschen Sprache aufwachsen, aber auch für alle diejenigen, die Förderbedarf im Bereich der Fachsprache benötigen.</p>



<p><strong>Welche Gymnasien nehmen daran teil?</strong></p>



<p>Mittlerweile sind mehr als 60 staatliche Gymnasien in Bayern, davon rund 20 staatliche Gymnasien allein in Schwaben, an diesem Projekt beteiligt, das im Auftrag des Staatsministeriums für Unterricht und Kultus durchgeführt wird.</p>



<p><strong>Wozu dient „Sprachbegleitung“?</strong></p>



<p>Es handelt sich dabei nicht um klassische Nachhilfe in Deutsch und es geht auch nicht um den Ausbau der deutschen Alltagssprache, sondern um den Erwerb und Aufbau der deutschen Bildungssprache, die die grundlegende Voraussetzung für den schulischen Erfolg am Gymnasium in allen Fächern ist. Vor allem gilt es, in den Sachfächern (z.B. Biologie, Geschichte, Physik, Geografie usw.) die mündliche und schriftliche Ausdrucksfähigkeit zu verbessern, den nötigen fachsprachlichen Wortschatz zu vermitteln, das Leseverstehen zu verbessern, kulturelle und interkulturelle Inhalte zu vermitteln, die Mitarbeit und Motivation zu fördern, um damit letztendlich vorhandene Sprachdefizite hinsichtlich der deutschen Bildungssprache zu beseitigen. Die Sprachbegleitung nützt den Schülerinnen und Schülern also nicht nur im Fach Deutsch, sondern unterstützt hauptsächlich den Aufbau der Fachsprache in den Sachfächern und Naturwissenschaften.</p>



<p><strong>Wie läuft der Unterricht ab?</strong></p>



<p>In einer Kleingruppe (max. 15 Schüler/innen) werden in Einzel- oder Doppelstunden, einmal pro Woche, am Nachmittag Themen in Unterrichtssequenzen behandelt, die an ein bestimmtes Leitfach (z.B. NuT, Geschichte, Geografie) geknüpft sind. Bei der Themenwahl wird auch auf die individuellen Bedürfnisse und Interessen der Gruppe eingegangen. In der 5. Jahrgangsstufe ist das Fach Deutsch üblicherweise das Leitfach, da sich Defizite und Lernrückstände bezüglich der deutschen Sprache hier am ehesten bemerkbar machen.</p>



<p><strong>Welche Themen werden behandelt?</strong></p>



<p>In der 6. Jahrgangsstufe (Leitfach: Natur und Technik) konnten die Schüler/innen mittels der Themenmodule „Der Igel“, „Fossilien“, „Hefe“, „Sport und Ernährung“, „Unsere Verdauung“, ihren Fachwortschatz ausweiten (Vokabelheft) und ihre mündliche Ausdrucksfähigkeit (Kurzvorträge) sowie schriftsprachliche Kompetenz (Ablauf eines Experiments verschriftlichen, Plakate erstellen) verbessern. Interessant und wichtig am Projekt ist, dass auch immer ein praktischer Teil in den Unterricht eingebaut wird. Somit bleibt das Gelernte laut dem Grundsatz „Learning by doing“ viel besser im Gedächtnis erhalten. Die Schüler/innen durften unter anderem selbst fossile Abdrücke mittels Gips und Muscheln herstellen, Experimente mit Hefe zum Nachweis von Zucker in Kaugummis durchführen und selbst Couscous zubereiten. Das war ein leckeres und gesundes Gericht!</p>



<p><strong>Impressionen von der „Arbeit“ der Schüler/innen aus der Sprachbegleitung:</strong></p>



<figure class="wp-block-image"><img loading="lazy" decoding="async" width="640" height="480" src="https://dossenberger.de/wp-content/uploads/2019/05/Taha-Emre.jpg" alt="x" class="wp-image-7651" title=" " srcset="https://dossenberger.de/wp-content/uploads/2019/05/Taha-Emre.jpg 640w, https://dossenberger.de/wp-content/uploads/2019/05/Taha-Emre-300x225.jpg 300w" sizes="auto, (max-width: 640px) 100vw, 640px" /></figure>



<figure class="wp-block-image aligncenter"><img loading="lazy" decoding="async" width="492" height="480" src="https://dossenberger.de/wp-content/uploads/2019/05/Eylül-Selin.jpg" alt="" class="wp-image-7652" srcset="https://dossenberger.de/wp-content/uploads/2019/05/Eylül-Selin.jpg 492w, https://dossenberger.de/wp-content/uploads/2019/05/Eylül-Selin-300x293.jpg 300w" sizes="auto, (max-width: 492px) 100vw, 492px" /></figure>

<p>Was versteht man unter „Sprachbegleitung“? Seit dem Schuljahr 2018/19 wird bei uns das Projekt „Sprachbegleitung“ angeboten und durchgeführt, das zusätzlichen</p>
